14) to base 8.
6156464
What is -101001001101101110 (base 2) in base 12?
-8183a
Convert 102221011221002 (base 3) to base 6.
343530515
Convert -2012032333 (base 4) to base 9.
-1027184
1874037 (base 9) to base 11
659a0a
34401230 (base 5) to base 6
10345101
Convert -15255b (base 12) to base 3.
-200010101022
-86557 (base 10) to base 6
-1504421
Convert -658518 (base 10) to base 9.
-1213276
What is 800168 (base 11) in base 7?
13644601
Convert 120940 (base 12) to base 2.
1000111001101000000
What is 205102 (base 13) in base 9?
1367841
Convert -192739 (base 11) to base 12.
-123617
-616088 (base 9) to base 15
-7338e
What is 10302301102 (base 4) in base 9?
2324564
What is -525344 (base 8) in base 11?
-10a388
What is -2589b80 (base 12) in base 11?
-41a418a
What is 314534033 (base 6) in base 7?
65111010
Convert -4b5ac3 (base 15) to base 13.
-996a98
49875 (base 10) to base 8
141323
Convert 852121 (base 12) to base 7.
23555335
16320021 (base 7) to base 16
182e23
What is 1002320222 (base 5) in base 8?
7470466
What is -93a142 (base 13) in base 9?
-6436752
Convert 149405 (base 11) to base 9.
383320
What is 122061 (base 9) in base 11?
503a6
Convert 146642344 (base 7) to base 4.
211223023102
What is -102103301302 (base 4) in base 2?
-10010010011110001110010
Convert -132589 (base 11) to base 14.
-55cd4
What is -3883a86 (base 11) in base 6?
-400052352
Convert -7e840 (base 15) to base 16.
-6281d
What is 101110011100022 (base 3) in base 7?
65130521
What is -7353556 (base 8) in base 7?
-22423506
What is 1068667 (base 9) in base 3?
1002022202021
Convert 113300203 (base 4) to base 5.
11103230
Convert 231031103 (base 6) to base 11.
2442a70
Convert 81482 (base 13) to base 4.
320200223
11101001000000100 (base 2) to base 15
25535
Convert 2122322000 (base 4) to base 2.
10011010111010000000
What is 3566640 (base 7) in base 4?
1232302020
-113200133100 (base 4) to base 16
-5e07d0
What is -124200411 (base 5) in base 2?
-10010110010100110011
Convert -2021102120 (base 3) to base 4.
-22323231
100100010111010010111011 (base 2) to base 8
44272273
What is 51132 (base 7) in base 2?
11000010000100
Convert 688177 (base 9) to base 16.
64c5d
25d288 (base 15) to base 6
102532532
Convert -2162253 (base 7) to base 10.
-267333
-111211122120020 (base 3) to base 10
-7354563
-3332203 (base 5) to base 9
-88130
Convert -510460 (base 8) to base 14.
-45452
What is 220210102012111 (base 3) in base 10?
13176094
-136141 (base 12) to base 13
-b34c7
Convert 242041442 (base 6) to base 2.
10001011101101001000010
Convert 100000100100111011100 (base 2) to base 8.
4044734
3202212203 (base 4) to base 10
928163
23223304 (base 5) to base 4
303202013
What is -500c7 (base 13) in base 5?
-14033333
What is -101111001010110100010 (base 2) in base 8?
-5712642
What is 310237 (base 8) in base 4?
121002133
a3143 (base 11) to base 6
3121031
What is -8d39 (base 14) in base 11?
-1749a
-1d8c2 (base 16) to base 14
-3216a
What is 100110011001010110101 (base 2) in base 6?
42544501
201101122320 (base 4) to base 6
510540040
What is 549d0 (base 14) in base 10?
205002
Convert -103312131 (base 4) to base 12.
-3b079
-264742 (base 8) to base 13
-33224
What is 13158 (base 10) in base 6?
140530
17a7401 (base 11) to base 7
34653041
What is -11022040103 (base 5) in base 11?
-67a4272
What is 383371 (base 9) in base 2?
111000101011000001
What is -6a542 (base 11) in base 13?
-37454
24c8aa (base 13) to base 16
d7fce
Convert 1235610 (base 7) to base 2.
100111001011100010
Convert -190a00 (base 13) to base 6.
-21300452
-110000001100000000 (base 2) to base 9
-330666
-14315124 (base 6) to base 7
-4120216
Convert 156cd (base 16) to base 5.
10302012
1eeba5 (base 16) to base 5
1004321110
Convert 277333 (base 8) to base 13.
357c4
What is -8327313 (base 9) in base 10?
-4447155
What is 1101000100011111110 (base 2) in base 14?
b211c
What is 702050 (base 12) in base 15?
247210
Convert 34214121 (base 7) to base 10.
2978676
95a726 (base 12) to base 2
1001000000100010001110
-160044 (base 10) to base 12
-78750
Convert -123173 (base 11) to base 12.
-946a7
Convert -2111202222001 (base 3) to base 5.
-320142134
Convert 4084914 (base 11) to base 2.
11011100000001101001000
What is -104205142 (base 6) in base 7?
-22001414
What is 70653 (base 11) in base 5?
11301041
Convert 8432a4 (base 13) to base 8.
13626303
Convert 6a858 (base 11) to base 3.
12012011201
What is -1418168 (base 9) in base 8?
-2763615
Convert -1122721 (base 8) to base 6.
-10310053
1100212001010 (base 3) to base 6
23314133
904b7 (base 13) to base 15
5161a
-a865c (base 13) to base 10
-304277
Convert -76092 (base 14) to base 9.
-474566
-3909c0 (base 13) to base 10
-1372605
2320133333 (base 4) to base 8
2703777
13566 (base 7) to base 15
1183
Convert 1853338 (base 9) to base 7.
11555312
-83350a (base 11) to base 5
-320240224
-1200051 (base 7) to base 4
-210330003
-3384239 (base 11) to base 9
-12123443
What is 1111100111101000010 (base 2) in base 6?
14545254
What is 12a5b8 (base 15) in base 16?
daab9
What is 453400 (base 8) in base 7?
1206032
Convert 24b5c8 (base 14) to base 9.
2331254
What is -23482b (base 14) in base 13?
-331a24
-209235 (base 11) to base 2
-1010001101000011001
What is 141332325 (base 6) in base 13?
798089
-1114420310 (base 5) to base 15
-345320
Convert -11001 (base 10) to base 15.
-33d6
11000000010111011010001 (base 2) to base 8
30027321
What is 11111010100011001 (base 2) in base 15?
28021
What is 11202012001 (base 3) in base 12?
460b4
What is -10100121020 (base 3) in base 6?
-1225440
55203 (base 6) to base 8
16723
Convert 162312 (base 10) to base 15.
3315c
What is 330113333 (base 4) in base 3?
110120020002
Convert -1110010111001111110011 (base 2) to base 10.
-3765235
What is -31110303 (base 4) in base 3?
-2202212110
-150540 (base 8) to base 5
-3203400
Convert 11022121102 (base 3) to base 6.
1453315
-69619 (base 10) to base 13
-258c4
Convert -390838 (base 11) to base 9.
-1137807
1112123111 (base 4) to base 3
122222121022
Convert -12301111301 (base 4) to base 9.
-3304708
What is -5c7a85 (base 14) in base 15?
-429a17
What is -5af304 (base 16) in base 2?
-10110101111001100000100
Convert 340bca (base 14) to base 12.
713bba
Convert -12202200102 (base 3) to base 12.
-55818
Convert -21300001 (base 5) to base 12.
-88a83
-2979a (base 16) to base 8
-513632
Convert 851857 (base 9) to base 10.
506626
Convert -1444e (base 15) to base 6.
-1221215
-11121013113 (base 4) to base 3
-2122211002020
-1011101001001000101 (base 2) to base 5
-44202014
ba750 (base 12) to base 14
65b52
-1d3a1 (base 16) to base 3
-20002012211
-8227d (base 14) to base 11
-1a4446
Convert -41324405 (base 6) to base 3.
-2020121221112
11530502 (base 7) to base 5
231021202
-20142032 (base 6) to base 13
-170c2a
-1cadd (base 14) to base 8
-217433
Convert 550378 (base 9) to base 12.
13a038
-1440663 (base 12) to base 9
-7575353
What is 1276787 (base 9) in base 10?
700486
Convert -51178a (base 14) to base 7.
-32135233
-10581563 (base 9) to base 3
-100122201122010
What is -175037 (base 10) in base 5?
-21100122
What is -41619b (base 13) in base 14?
-2ba7c8
Convert -15305541 (base 6) to base 16.
-834e5
2121211112 (base 3) to base 16
c9b6
Convert 31012321221 (base 4) to base 14.
656345
Convert 20a1763 (base 11) to base 15.
4cdcd9
-759752 (base 11) to base 5
-302312240
-7a330 (base 13) to base 9
-368118
Convert 5c2289 (base 14) to base 11.
1866264
What is 2140424 (base 6) in base 10?
106432
Convert 342225045 (base 6) to base 5.
3101134112
What is -231110313 (base 4) in base 3?
-100102200010
What is 6458a98 (base 11) in base 7?
165355601
Convert 230366100 (base 7) to base 11.
7a38962
Convert -10222010221011 (base 3) to base 11.
-1210535
11101110101011010 (base 2) to base 9
205560
What is -1176221 (base 8) in base 2?
-1001111110010010001
What is 664647 (base 10) in base 15?
d1dec
What is 6501422 (base 8) in base 4?
12220030102
What is -c9ba (base 14) in base 15?
-a4db
Convert 618341 (base 9) to base 6.
11510531
Convert 87d7ed (base 15) to base 2.
11000101100110100101000
b366 (base 14) to base 3
1120100001
-7693850 (base 10) to base 15
-a1e9d5
What is -2010404 (base 7) in base 16?
-3a14b
What is 8436 (base 14) in base 6?
253252
Convert -19875 (base 15) to base 16.
-143de
98b2ab (base 13) to base 6
205014243
Convert 20201110 (base 3) to base 2.
10